97 - (-5 + 0 - (-190)/57)*3?
2
Let h(q) = 5*q**2 - 503*q + 825. What is the ten thousands digit of h(132)?
2
Let v(m) = -7*m**3 + 1. Let n be v(1). Let r(u) be the third derivative of -u**6/40 - 13*u**5/60 - u**4/3 + 115*u**2 + 2*u. What is the units digit of r(n)?
8
Suppose 34*d - 530978 = -63*d. What is the tens digit of d?
7
Suppose 0 = -g + 5*n + 27, -4*g + 86 = 7*n - 5*n. Suppose 32*k = g*k + 2510. What is the tens digit of k?
5
Let x be (-10)/(-15) - 12/(-9). Suppose -5*h - 2*p + 5*p + 1700 = 0, -x*p = 4*h - 1360. What is the hundreds digit of h?
3
Let h be 23/(-138) + (-43)/(-6). Let t be (-4)/h - 252/(-98). Suppose l + 0*l + t*d = 56, 3*d - 287 = -5*l. What is the tens digit of l?
5
Let g(h) be the first derivative of h**4 - 5*h**2/2 + 8*h + 1. Let q(i) = -3*i**3 + 3*i**2 + 3*i. Let r be q(-1). What is the hundreds digit of g(r)?
1
Let m(o) be the first derivative of -o**4/4 + 2*o**3/3 + o**2/2 + 6*o - 34. Let q be m(3). Suppose p - 67 - 15 = q. What is the tens digit of p?
8
Let b be (-2)/4 + (-49)/14. Let j = b - 1. What is the tens digit of 73 + -3*j/(-15)?
7
Let a(h) = 1276*h - 40. What is the tens digit of a(16)?
7
Suppose -220 = -d + 47. Suppose -2*a = -723 - d. What is the hundreds digit of a?
4
Let b(l) = 233*l - 11. Let n = 321 + -318. What is the hundreds digit of b(n)?
6
Let h(n) = 2*n**3 - 12*n**2 + 28*n - 81. What is the hundreds digit of h(18)?
1
Suppose -26*l - 48681 = -195557 - 151656. What is the tens digit of l?
8
Suppose 10*m = 53 + 7. What is the units digit of 1889/m + 3/18?
5
Let i = -39 - 45. What is the units digit of (i/63)/(4/(-42))?
4
Suppose 17*v - 62 = 13*v + s, -3*s + 38 = 2*v. What is the units digit of 3*(-1)/(-3) - (-15488)/v?
9
Let c be (5 + -15)*(-1 + 70/(-4)). Let y = c - 23. Let u = y + -80. What is the units digit of u?
2
Suppose 44*a = -10*a + 10*a + 484. Let d be (2/(-4))/((-2)/652). Suppose -a - d = -u. What is the hundreds digit of u?
1
Let g(v) = v**3 + 6*v**2 + 5*v - 12. Let z be g(-3). Let q(y) = 23*y + 138. What is the hundreds digit of q(z)?
1
Suppose j - 787 = 253. Let f = 1557 - j. What is the hundreds digit of f?
5
Let d(s) = 4*s**2 - 3*s + 5. Let a be d(2). Let q be 56*12/a - (-2)/10. Suppose j + q = 4*j. What is the units digit of j?
5
Suppose 2*k + 3*o + 2 = 0, 4*k - 28 = -o + 3*o. Let j(b) = -5*b + 11*b + 15 + k. What is the tens digit of j(13)?
9
Let n be -3 - (-65 - 2) - 5. Let y = n + 81. What is the tens digit of y?
4
Let g be (116/16*3)/(6/(-16)). Let t = g - -121. What is the units digit of t?
3
Let g = 517 + 520. Suppose -5*c + g + 783 = 0. What is the hundreds digit of c?
3
Let l = -10358 + 15237. What is the thousands digit of l?
4
What is the ten thousands digit of ((-6)/4)/(11/(-2429988)*18)?
1
What is the tens digit of 1019/(70/88 - 48/88)?
7
Suppose 2*m = y + 1141, 5*m = 8*m - y - 1713. Let n = m - 342. What is the tens digit of n?
3
Let d(c) be the second derivative of c**5/20 - c**4/2 - 5*c**3/6 + 33*c**2/2 - c - 60. What is the units digit of d(8)?
1
Suppose 55194 = -79*x + 85*x. What is the hundreds digit of x?
1
Suppose -4*a + 3*m - 568 = -1726, -4*a - 5*m = -1142. Let p(t) = 310*t - 739. Let k be p(3). Let r = a - k. What is the units digit of r?
7
Let t(c) = 233*c + 2. Let i be t(1). Let w = i - 531. What is the tens digit of w/(-6) + 2 + (-4)/12?
5
Let o be 3/(-15) + 39905/25 + 7. Suppose o = 4*y - p, 2*p - 2 + 0 = 0. What is the units digit of y?
1
Let h(s) = s**2 + 7*s - 3. Let u be h(-8). Suppose u*k + 10 = 0, -744 = -2*c + 4*k - 0*k. What is the hundreds digit of c?
3
Suppose -j + 35 = -0*j - 4*p, 3*p - 121 = -4*j. Let n = 98 + j. What is the units digit of n?
9
What is the units digit of (-9 - -3 - -10949) + -3*8/12?
1
Suppose -866 = -3*t - 245. Let b be 6/4 + (-94)/4. Let s = t + b. What is the units digit of s?
5
Suppose -3*k = u - 171583, 172*k + 114363 = 174*k - 3*u. What is the hundreds digit of k?
1
Let g = -12379 + 20968. What is the units digit of g?
9
Let y = 309 + 599. Let s(a) = 60*a - 296. Let r be s(5). Suppose 5*v = -4*u + 7*v + y, 0 = -5*u - r*v + 1109. What is the tens digit of u?
2
Let k = 36 + -34. Suppose -k*w - 10 = 3*w. What is the units digit of w/(-9) + (-4194)/(-81)?
2
Let f(w) = 501*w - 66. Let n be f(-3). Let o = 2325 + n. What is the tens digit of o?
5
Let f(l) be the second derivative of -46*l**3 - 435*l**2/2 + 224*l. What is the thousands digit of f(-6)?
1
Suppose 0 = 2*z - 8*z + 1836. Suppose -5*l = l + z. Let w = 213 + l. What is the tens digit of w?
6
Let g = 20108 + -7279. What is the ten thousands digit of g?
1
Let s = -52 - -52. Suppose 4*p = -4*d - s*d + 28, 0 = 5*p + 3*d - 25. Suppose p*n = -3*q + 38, q + 95 = -0*n + 5*n. What is the units digit of n?
9
Let h = 760 + 1928. Suppose 7*r + h = 15*r. What is the hundreds digit of r?
3
Let j(a) = a**2 + a - 6. Let o be j(3). Suppose -o = 4*q - 6. Suppose -9*x + 10*x - 157 = q. What is the units digit of x?
7
Suppose -11*r + 105085 = 42649. What is the units digit of r?
6
Let d be (-4 + 1)/((-18)/24). Suppose 0*q + 1788 = d*w + 4*q, -2*q = -2*w + 886. What is the tens digit of w?
4
Suppose 29*f + 4 = 31*f. Suppose -k + f = 22. Let j = k + 71. What is the units digit of j?
1
Let t(x) = -x**2 + 7*x + 2. Let a be t(7). Suppose -a*d = -d - 6. What is the tens digit of 480/5*4/d?
6
Let t = 136 - 134. Let d(o) = 69*o**3 + 3*o**2 - o - 1. What is the tens digit of d(t)?
6
Let z be (-72)/((6 - 3)*4/(-400)). Suppose -55*i - z = -61*i. What is the hundreds digit of i?
4
Let n = -70 + 31. Let c = n + 66. Let m = c + 21. What is the tens digit of m?
4
Suppose 3*o = 4*z + o - 150, 66 = 2*z - 4*o. Let q = z + -35. Suppose -q*b + 16 = -0. What is the units digit of b?
4
Let g(w) = -2*w**2 + 30*w + 36. Let u be g(16). Let f(m) = u*m - 5 - 5 - 17*m - 1152*m**2 + 1154*m**2. What is the tens digit of f(-8)?
2
Let d = 6905 + 11219. What is the ten thousands digit of d?
1
Suppose -3*v - 5*a - 121 = -0*v, -3*v + 2*a = 149. Let n = v + 111. Suppose 10 - n = -h. What is the units digit of h?
4
Let s(x) = -19*x + 3. Suppose -5*n - 8 = -183. Suppose 5*z = -25, 6*h - h = -4*z - n. What is the units digit of s(h)?
0
Suppose -4*b - 858 = 5*f - 6781, 2*b - f - 2965 = 0. What is the hundreds digit of b?
4
Suppose -2*o + 5*r = -12691, -17*r + 16*r + 18994 = 3*o. What is the tens digit of o?
3
What is the hundreds digit of 5/((-375)/(-111510))*(-10)/(-2)?
4
Suppose 26*z - 27 = 29*z. Let w = 96 - z. What is the hundreds digit of w?
1
Suppose v + 3*f - 2 = 0, v - f - 15 + 5 = 0. Let b(p) = p**3 - 5*p**2 - 18*p + 66. What is the tens digit of b(v)?
1
Suppose 0 = -2*p - x + 8240, 2*x + 2747 + 5469 = 2*p. What is the tens digit of p?
1
Let c(n) = 4 - 2*n - 5 + 4*n - 9*n. Let g be c(-1). Suppose g*v = 4*v + 94. What is the units digit of v?
7
Let m(u) = -264*u + 7574. What is the units digit of m(7)?
6
Suppose 0 = -15*z + 12*z + 3. What is the tens digit of -11 - -6 - z/(3/(-1878))?
2
Let l = -110 + 125. What is the tens digit of ((l/9)/5)/(2/78)?
1
Let a(g) = 25763*g**2 - 37*g - 30. What is the units digit of a(-1)?
0
Suppose 55*c = 53*c + 12. Let k(b) = 37*b + c*b + 10*b + 17*b - 5. What is the hundreds digit of k(2)?
1
Suppose 0 = 4*q - 5*i - 0*i + 3897, -4*q - 3921 = 3*i. Let o = q - -1395. Suppose 77 = -5*r + o. What is the tens digit of r?
6
Suppose -31293*c - 13739 = -31294*c. What is the tens digit of c?
3
Let v = -276 + 653. Suppose 3*a + 729 = 2*m, 0*m - 4*a - v = -m. What is the hundreds digit of m?
3
What is the tens digit of (-8)/(-6) - (-109704)/72?
2
Let d(c) = -4*c - 18. Let h be d(-5). Suppose 0 = -0*t - 4*t - h*u + 1104, -u + 1106 = 4*t. What is the units digit of t?
7
Let a(z) = -2*z**3 - 44*z**2 + 83*z + 248. What is the ten thousands digit of a(-32)?
1
Let b(z) = -45*z + 2630. What is the thousands digit of b(-51)?
4
Let s(i) = 0*i**3 + 12*i + 0*i**3 + 1 - 20 + 2*i**3 - 7*i**2. Suppose -6*x = -2*o - 11*x + 27, o - 2*x = 0. What is the tens digit of s(o)?
3
Let q(y) = -2*y**2 + 26*y + 30. Let v be q(14). Suppose -v*n = n - 4*g - 1337, 0 = 5*n + g - 2190. What is the hundreds digit of n?
4
Suppose 0 = 4*c + 2*d + 10436, -11*c + 7834 = -14*c + 2*d. What is the hundreds digit of c/(-14) - (-15)/(-35)?
1
Suppose 35556 = 6*y + 3*r - 32370, -y = -5*r - 11299. What is the thousands digit of y?
1
W